*3 - 10*m**2 + 10*m + 6. What is the tens digit of w(f)?
1
Let z(l) = -44*l. Let k be z(1). Let n = -21 - k. What is the tens digit of n?
2
Let z(x) = -x**2 - 2*x + 1. Let q be z(-2). What is the units digit of ((-28)/(-6))/(q/3)?
4
Let z = 111 + -50. What is the tens digit of z?
6
Let u = -7 + 8. Suppose 5*y - 10 = -3*f, -1 + 7 = -5*f + 3*y. Suppose f = -z + 3 + u. What is the units digit of z?
4
Let f = 8 - 5. Suppose -2*d = -b - 2, -f*d + 12 = -0*d + 3*b. Suppose 0 = d*j - 11 - 9. What is the units digit of j?
0
Let j be (40/(-25))/((-2)/10). Let s(c) be the first derivative of -c**4/4 + 7*c**3/3 + 9*c**2/2 - 5*c - 1. What is the units digit of s(j)?
3
Let r(q) = -4 + 4 - 2*q + q**2 - q. What is the units digit of r(4)?
4
Suppose -5*h + 4*m = -5, -3*h - 5*m - 34 = -0*m. Let t = 10 + h. What is the units digit of t?
7
Suppose -2*a = -1 - 1. What is the units digit of 2 + -1 - a - -8?
8
What is the tens digit of 3/12 - 342/(-8)?
4
Let w be -2 - -4 - (-8)/2. Suppose -w*s = -10*s + 60. What is the tens digit of s?
1
Suppose -2*g + 12 - 4 = 0. Let k be g/6*-1*57. Let t = 53 + k. What is the units digit of t?
5
What is the units digit of (5/(-15))/((-4)/1236)?
3
Suppose 0 = k + 6*k - 721. What is the hundreds digit of k?
1
Let y(r) = r**2 + 2*r - 3. Let n be y(2). Suppose 5*f = 4*h + 64, 2*h + 21 + 11 = -n*f. What is the units digit of (4/(-8))/(2/h)?
4
Let d(g) = g**3 + 3*g**2 - 2*g - 3. Let u be d(-3). Suppose 2*n + u*n - 30 = 0. What is the units digit of n?
6
Let x(p) = p**2 - p + 11. Let t be (-10)/25 - 24/(-10). Let c be 0*(t + -5 + 2). What is the tens digit of x(c)?
1
Suppose 3 = 4*z - 1, -2*r + 4*z + 196 = 0. What is the units digit of r?
0
Suppose 3 = 5*z - 7. Suppose 0 = 5*q + z*o - 21 - 4, 0 = -2*q + 4*o + 10. Let h(l) = -l**2 + 9*l - 6. What is the units digit of h(q)?
4
Suppose 3*i - 5 = 2*i. Suppose 2*y = -c + 8, -4*y + 20 = -i*c - 24. What is the units digit of y?
6
Let f(c) = c**3 - c**2 - 3*c + 3. Let x be f(2). What is the units digit of (2/2)/1*x?
1
Let k be (2 + -3)*(0 - -1). Let y be 0/2*k/(-2). Suppose y = -3*o + 18. What is the units digit of o?
6
Suppose 0 = 2*g + k, -k + 6*k = 5*g. Let c be 1 - g - (-21 + 0). What is the units digit of (-46)/(-11) + (-4)/c?
4
Let t be 4/(-9)*-3*-12. Let x be (3/2)/(6/t). Let o = 0 - x. What is the units digit of o?
4
Suppose p - 3 = 4*p. What is the units digit of p/(-5) - (-156)/20?
8
Suppose -4*p - 12 = 0, y - 3*p - 135 = -4*p. What is the hundreds digit of y?
1
Suppose -w + 35 = -6*w. Let f(p) = -8 - p + 10 - 2. What is the units digit of f(w)?
7
Let r = -5 + -4. What is the units digit of (14/(-3))/(6/r)?
7
Let d(c) = c**2 + 7*c + 4. Let w be d(-7). Suppose 0 = w*l + 32 - 116. Let p = l - 11. What is the tens digit of p?
1
Suppose 2*t - 83 = t. What is the tens digit of t?
8
Let q(z) = -2*z**2 + z**2 - 14 + 15*z + 6 - 6. What is the tens digit of q(12)?
2
Let g(n) = 24*n + 1. Let t be g(1). Suppose 0 = -2*a + 7*a - t. Suppose q + 3 = a. What is the units digit of q?
2
Let q = -132 + 241. What is the units digit of q?
9
Let x(l) be the first derivative of 2*l**2 + 1/3*l**3 + 4*l - 1. What is the units digit of x(-3)?
1
Let f(s) = 7*s + 5. What is the units digit of f(7)?
4
Suppose -2*y + 3*p = -p + 20, -3*y = -p + 5. Let q = 1 - y. What is the units digit of q?
1
Let t be 9 + 2/((-8)/12). Suppose 116 = 4*r + 4*x, 3*x + 3 = t. What is the units digit of r?
8
Suppose 39*f = 38*f + 51. What is the tens digit of f?
5
Let s = 386 + -171. What is the units digit of s?
5
Let h be 24*-2*2/(-6). Suppose 4*n - h = -4*u, -2*n + 11 + 7 = 4*u. What is the units digit of 0 - -2*(2 + n)?
2
What is the tens digit of 0/((-6)/3) + 27?
2
Let h(d) = d**3 + 4*d**2 - 3*d - 4. Let j be h(-3). Suppose -j = -q - 0*q. What is the units digit of q?
4
Let j be 7 + 5/((-10)/6). Suppose -4*a + 30 = -2*a + 2*d, j*a = 2*d + 90. What is the units digit of a?
0
Suppose -2440 + 784 = -8*b. What is the units digit of b?
7
Let i = -114 + 204. Suppose -4*j + i = j. Suppose -3*m = -6*m + j. What is the units digit of m?
6
Let t(o) = o**3 - 8*o**2 - 10*o - 6. Let r be t(9). Let u = r - -32. What is the tens digit of u?
1
Suppose 6*s = s + 20. Suppose -4*q - 51 = -s*d + 33, 0 = -5*d + q + 85. What is the tens digit of d?
1
Suppose -10 + 1 = -3*c. Let m be 0 + 1 + (-3)/3. Let j = m + c. What is the units digit of j?
3
Let x be 2*8/(1 - -3). Suppose -3*j - 4*g + 108 = j, 5*g + 153 = x*j. What is the units digit of j?
2
Let g(z) = -z**3 + z**2 + 4*z + 2. Let s be g(4). What is the tens digit of 20/s - (-100)/6?
1
Let p = -82 - -140. What is the units digit of p/(-1)*1/(-2)?
9
Let r(b) = -3*b - 6. Let l be r(-3). Let g(x) = -x**3 + x**2 - x - 1. Let t(p) = -2*p**2 + 3*p - 4. Let j(w) = -g(w) + t(w). What is the units digit of j(l)?
9
Suppose 83 = 3*y - 43. What is the units digit of y?
2
What is the tens digit of 1 + -1 + (-1166)/(-22)?
5
Suppose -h = 2 - 4. Let w(v) = 0*v**2 - 2*v**h + 6 + 0*v**2 + v**2. What is the units digit of w(0)?
6
What is the tens digit of -2 - (-1 - -1) - (-27 - -5)?
2
Suppose 2*y + 2*w - 12 = 4*w, 0 = -2*w - 2. Suppose 3*h - 30 = -0*d - d, d - 38 = -y*h. Let f = -12 + d. What is the units digit of f?
6
Let y = -1 + 4. Suppose -14 = -y*a + 4*g, 2*a - 3*g - 12 = -g. What is the units digit of a?
0
Let s(v) = -v**2 + 4*v + 3. Let q be s(3). Let b(r) = 6*r - 4. Let f be b(6). Suppose q*h - 2*h = f. What is the units digit of h?
8
Suppose -r + 5*v = 0, 0 = -r - 2*r - 2*v + 34. What is the tens digit of r?
1
What is the units digit of (-985)/(-15) - 3/(-9)?
6
Suppose -3*a - 3*y = -57, -2*a = 3*a - y - 101. What is the tens digit of a/(-35) - (-716)/28?
2
Let h = 67 - -66. What is the tens digit of h?
3
Let i be (9/(-6))/(6/(-16)). Let o be 215/i + 1/4. Suppose -2*y = -3*l + o, 3*y = -3*l + y + 42. What is the tens digit of l?
1
Let f(v) = 2*v**2 + 2*v - 3. Suppose -2*z = -4*b + 16, 5*z - 2*z + 2 = -5*b. What is the tens digit of f(z)?
2
Let l = 1 + -1. Let v(b) = -b**3 - 4*b**2 - 2*b - 4. Let x be v(-4). Suppose l = 4*h - r - 46, x*h - r - r = 44. What is the units digit of h?
2
Let y(h) = -2*h + 1. Let p be y(-3). Suppose -8 = -3*o + p. Suppose -2*g - 3*g = 4*b - 29, -4*g = o*b - 16. What is the units digit of g?
9
Let n = -37 - -102. What is the tens digit of n?
6
Suppose v = -4*l - v - 18, 5*l + 5*v + 35 = 0. What is the units digit of (1 + l)/((-2)/8)?
4
Let g = 524 - 347. What is the tens digit of g?
7
What is the units digit of (-1 + 28/20)*415?
6
Suppose -2*d = 2*d - 4. Suppose n - d = 1. Suppose 2*p - 3*f - 23 = 29, -n*f = p - 12. What is the tens digit of p?
2
Suppose 3*b - b = 8. Suppose -u = b*u. Let k = u + 9. What is the units digit of k?
9
Let y be (-36)/9 + 78/2. Suppose 5*w = -y + 215. What is the tens digit of w?
3
Let l = -3 + 6. Suppose -4*o - 5*h = -45, -h + 2 = -l. What is the units digit of o - 0/(3 + -2)?
5
Let g = -20 + 14. Let r be (-2)/g - 10/30. What is the units digit of r/(-3 + 2) + 17?
7
Let d = -20 - -12. Let g(s) = -3*s - 10. What is the tens digit of g(d)?
1
Let i be 3*-1*(-21)/9. Suppose 0 = -5*d - 4*y - 7, -2*d - 2*y = -3*d + i. What is the units digit of -1*d*(-7 + 0)?
7
Let n(h) = h + 11. What is the tens digit of n(11)?
2
Let c = 19 + 21. What is the tens digit of c?
4
Let n = -11 + 9. What is the units digit of (-66)/(-12) + n/(-4)?
6
Suppose -3*t = -5*t. What is the units digit of (0 + 11)*(t + 1)?
1
Let c be -3 + (-3 - -2 - 6). Let i = 17 + c. What is the units digit of i?
7
Suppose -8 = -2*v + v. What is the units digit of -1 + v + 0/(-1)?
7
Let y = 18 + 6. Suppose -4*d - y = -7*d. What is the units digit of d?
8
Let a be 2/(-8) + (-84)/(-16). Suppose 3*w - 4*v = -14, 4*w + w + 15 = a*v. What is the units digit of (-1)/(4/(-14))*w?
7
Let l(o) be the second derivative of o**8/6720 - o**7/280 + o**5/60 - o**4/4 - 3*o. Let i(y) be the third derivative of l(y). What is the units digit of i(9)?
2
Let s(k) = -k**2 - 4*k. Let d be (-66)/(-9) - (-2)/(-6). Let p = d - 9. What is the units digit of s(p)?
4
Let j = -17 + 70. What is the tens digit of j?
5
Suppose -q + 2*i = -157, -5*q + 3*i - 5*i = -821. What is the tens digit of q?
6
Suppose -4*h + 17 = -5*s - 9, 3*s + 10 = h. What is the tens digit of ((-24)/7)/(h/(-42))?
3
Suppose -5*m + m = -108. What is the tens digi